.
2, 3, 1439, 3137
List the prime factors of 3827921958.
2, 3, 7, 283, 107351
List the prime factors of 16356.
2, 3, 29, 47
List the prime factors of 31956047.
31956047
What are the prime factors of 232529897?
232529897
What are the prime factors of 60376173?
3, 11, 13, 23, 29, 211
What are the prime factors of 7506771501?
3, 107, 23385581
What are the prime factors of 1107069101?
1107069101
List the prime factors of 850266857.
11, 83, 931289
List the prime factors of 174221903.
47, 1669, 2221
List the prime factors of 1311594316.
2, 14831, 22109
What are the prime factors of 1999089733?
827, 2417279
List the prime factors of 1880533351.
1777, 1058263
What are the prime factors of 65665165?
5, 13133033
List the prime factors of 55640822.
2, 37, 829, 907
List the prime factors of 3212407755.
3, 5, 293773
List the prime factors of 51691881.
3, 137, 173, 727
What are the prime factors of 42237800?
2, 5, 11, 73, 263
List the prime factors of 33724640.
2, 5, 131, 1609
List the prime factors of 206049744.
2, 3, 37, 4297
What are the prime factors of 2567127742?
2, 1283563871
List the prime factors of 1425915192.
2, 3, 13, 19, 18503
List the prime factors of 61871799.
3, 11, 1874903
What are the prime factors of 1207152211?
1207152211
What are the prime factors of 63212491?
257, 245963
List the prime factors of 4008377.
4008377
List the prime factors of 55409009.
53, 653, 1601
List the prime factors of 2299177285.
5, 459835457
List the prime factors of 5812983.
3, 11, 71, 827
List the prime factors of 540183633.
3, 11, 16369201
List the prime factors of 76237230.
2, 3, 5, 29, 87629
What are the prime factors of 510158317?
1459, 349663
List the prime factors of 53199504.
2, 3, 4561
List the prime factors of 2931782536.
2, 19, 19288043
What are the prime factors of 750879519?
3, 13, 67, 4289
List the prime factors of 2554835526.
2, 3, 47311769
What are the prime factors of 16122134?
2, 7, 1151581
What are the prime factors of 338104537?
73, 4631569
What are the prime factors of 33358433?
19, 1755707
List the prime factors of 1211554517.
1211554517
What are the prime factors of 73064442?
2, 3, 11, 199, 5563
What are the prime factors of 254163240?
2, 3, 5, 706009
What are the prime factors of 1903006905?
3, 5, 79, 1605913
List the prime factors of 204477031.
11, 19, 978359
What are the prime factors of 194135107?
194135107
List the prime factors of 46693311.
3, 7, 109, 20399
What are the prime factors of 65124991?
5147, 12653
What are the prime factors of 983824433?
2953, 333161
What are the prime factors of 951306234?
2, 3, 158551039
What are the prime factors of 735729861?
3, 241, 1017607
List the prime factors of 71272202.
2, 35636101
What are the prime factors of 334771784?
2, 1237, 33829
List the prime factors of 394741606.
2, 7, 19, 1483991
What are the prime factors of 5737290?
2, 3, 5, 13, 47, 313
List the prime factors of 30876612.
2, 3, 13, 197927
List the prime factors of 2136013.
11, 127, 139
What are the prime factors of 1502211978?
2, 3, 83456221
What are the prime factors of 37692409?
19, 71, 27941
What are the prime factors of 154308824?
2, 31, 683, 911
List the prime factors of 47051380.
2, 5, 2352569
What are the prime factors of 71799064?
2, 293, 30631
What are the prime factors of 70590526?
2, 35295263
List the prime factors of 146180058.
2, 3, 47, 257, 2017
What are the prime factors of 776294815?
5, 281, 552523
List the prime factors of 389323559.
389323559
What are the prime factors of 141085671?
3, 47028557
List the prime factors of 196945368.
2, 3, 8206057
What are the prime factors of 7262859925?
5, 41, 331, 21407
What are the prime factors of 1197609697?
1197609697
List the prime factors of 107162735.
5, 21432547
List the prime factors of 168208311.
3, 19, 155317
List the prime factors of 2557493018.
2, 1278746509
What are the prime factors of 76805384?
2, 9600673
List the prime factors of 533825664.
2, 3, 373, 3727
List the prime factors of 801548978.
2, 2621, 152909
What are the prime factors of 132584226?
2, 3, 179, 123449
What are the prime factors of 141970955?
5, 7, 151, 26863
List the prime factors of 70055786.
2, 1933, 18121
What are the prime factors of 2567150532?
2, 3, 89, 101, 7933
List the prime factors of 8447436772.
2, 2111859193
What are the prime factors of 467154911?
467154911
What are the prime factors of 112618473?
3, 11, 109, 131, 239
What are the prime factors of 2141428693?
229, 9351217
What are the prime factors of 77971784?
2, 11, 886043
List the prime factors of 53931918.
2, 3, 19, 23, 67, 307
What are the prime factors of 507482679?
3, 11, 31, 496073
List the prime factors of 599005166.
2, 17, 4051, 4349
List the prime factors of 1130497541.
23, 49152067
What are the prime factors of 1689545155?
5, 23, 911, 16127
What are the prime factors of 1070206446?
2, 3, 43, 4148087
List the prime factors of 471312670.
2, 5, 19, 2480593
What are the prime factors of 761987597?
7, 108855371
List the prime factors of 549228580.
2, 5, 27461429
List the prime factors of 329305058.
2, 164652529
List the prime factors of 9625867.
359, 26813
List the prime factors of 96977147.
1201, 80747
List the prime factors of 3550198055.
5, 8641, 82171
List the prime factors of 13938145.
5, 13, 214433
What are the prime factors of 88854755?
5, 11, 1615541
What are the prime factors of 569884905?
3, 5, 12664109
What are the prime factors of 1170216558?
2, 3, 7, 61, 5639
What are the prime factors of 193753712?
2, 89, 103, 1321
List the prime factors of 1175323449.
3, 151, 2594533
What are the prime factors of 422391600?
2, 3, 5, 117331
What are the prime factors of 104041729?
11, 859849
List the prime factors of 131893002.
2, 3, 2442463
What are the prime factors of 132141877?
7, 23, 117251
What are the prime factors of 681889209?
3, 29, 7837807
What are the prime factors of 503315662?
2, 19, 37, 357977
What are the prime factors of 24451753?
311, 78623
What are the prime factors of 94450738?
2, 29, 31, 131, 401
What are the prime factors of 46665265?
5, 757, 12329
What are the prime factors of 148156092?
2, 3, 7, 101, 5821
List the prime factors of 23106902.
2, 7, 13, 126961
List the prime factors of 2040770793.
3, 131, 5192801
List the prime factors of 229012023.
3, 43, 73, 83, 293
List the prime factors of 212169092.
2, 47, 677, 1667
What are the prime factors of 21276854?
2, 71, 149837
What are the prime factors of 68498300?
2, 5, 13, 52691
What are the prime factors of 24609510?
2, 3, 5, 271, 1009
What are the prime factors of 3027875169?
3, 11, 19, 4829147
What are the prime factors of 144872592?
2, 3, 479, 6301
What are the prime factors of 44764104?
2, 3, 7, 11, 24223
What are the prime factors of 253923417?
3, 11, 521, 547
What are the prime factors of 3683854?
2, 31, 59417
What are the prime factors of 127296913?
127296913
What are the prime factors of 80998416?
2, 3, 53, 10613
List the prime factors of 752038478.
2, 97, 157, 24691
List the prime factors of 129036466.
2, 13, 367, 13523
List the prime factors of 166286123.
166286123
What are the prime factors of 21858829?
491, 44519
List the prime factors of 124786261.
124786261
List the prime factors of 70730245.
5, 14146049
What are the prime factors of 6476560376?
2, 11, 13, 2221, 2549
What are the prime factors of 133299429?
3, 1117, 39779
List the prime factors of 718239785.
5, 101, 1422257
List the prime factors of 173926835.
5, 34785367
What are the prime factors of 914233039?
257, 3557327
List the prime factors of 144508171.
193, 751, 997
What are the prime factors of 1689566075?
5, 67582643
List the prime factors of 321320942.
2, 160660471
List the prime factors of 4024953422.
2, 7, 17, 157, 107717
What are the prime factors of 28408095?
3, 5, 631291
What are the prime factors of 1015566969?
3, 338522323
List the prime factors of 42641364.
2, 3, 3553447
What are the prime factors of 102465708?
2, 3, 19, 449411
List the prime factors of 234221728.
2, 13, 79, 7127
What are the prime factors of 425204985?
3, 5, 281, 359
List the prime factors of 3590201.
3590201
List the prime factors of 76980669.
3, 127, 202049
List the prime factors of 85673128.
2, 19, 109, 5171
What are the prime factors of 129177917?
11, 17, 313, 2207
List the prime factors of 36917583.
3, 